pose -l = -v + 11. List the prime factors of v.
3
Let i(w) = -19*w - 86. List the prime factors of i(-30).
2, 11
Let f(h) = -3*h - 8. Let p(a) = -2*a - 1. Let x be p(5). Let i be f(x). List the prime factors of 1 + i - (5 - 4).
5
Let y(l) = l + 160. List the prime factors of y(-26).
2, 67
Let r(p) = -p**2 - 2*p - 1. Let s = 0 + -1. Let u be r(s). Suppose -7*j + 386 + 27 = u. List the prime factors of j.
59
Let n(p) = 44*p - 20*p + 2*p**2 + 9 - 29*p. Let y be 2/9 - (-34)/9. What are the prime factors of n(y)?
3, 7
Let u be 300/2 - (-34 - -38). Let h(k) = 2*k**2 - k + 7. Let v be h(-6). Let w = u - v. List the prime factors of w.
61
Let v = 79 - 32. Let a be (4 - v) + (-16)/(-4). Let w = a - -43. What are the prime factors of w?
2
Let d = 5 - 5. Suppose a - 129 = -4*g + 6*a, 3*g + 4*a - 89 = d. Let v = -20 + g. List the prime factors of v.
11
Let u be (3/(-4))/(5/120). Let y = u + 18. List the prime factors of y - -1*50/2.
5
Suppose 213 = -5*z + 153. List the prime factors of 2/(-12) - 2294/z.
191
Let y be 0/(-7 + 3) - -1. List the prime factors of -16 - -15 - (-58 + y).
2, 7
Let j = 377 - 189. List the prime factors of j.
2, 47
Let c = 3 + 0. Let o be 95/(-15) + 2/(-3). Let l = c - o. List the prime factors of l.
2, 5
Suppose 0 = l + l - 6. Suppose 4*c = -l*p + 143, 2*c - 5*p - 14 = 25. Suppose -74 = -3*y - c. What are the prime factors of y?
2, 7
Let c(b) = 4*b + 14. Let a(h) = -h**3 - 9*h**2 - 7*h + 4. Let x be a(-8). Let o be c(x). List the prime factors of (o/(-4))/(5/530).
53
Suppose -662*d = -655*d - 23499. What are the prime factors of d?
3, 373
Let p = 30 - 27. Suppose -i + p*f + 93 = 3*i, -i - f + 25 = 0. Suppose 4*m - 2*w = 274, m + i = -5*w + 65. What are the prime factors of m?
2, 3, 11
Let a = -2 + 3. Let o(x) = 3*x**3 - x**2 + 1. What are the prime factors of o(a)?
3
Let t be (0/3)/(-2) + 3. Suppose 78 - 21 = t*i. List the prime factors of i.
19
Let k = 11 - 5. Suppose -4*n = f + k, -6*f + f = -2*n - 14. Suppose 167 = 3*d + 2*u, -f*d + 0*d + 5*u = -105. List the prime factors of d.
5, 11
Let i(u) be the third derivative of -2*u**3 + 0*u + 0 + 1/8*u**4 + 2*u**2. What are the prime factors of i(6)?
2, 3
Suppose 5*p + 0*p = 320. Let w = -3 - -9. What are the prime factors of (p/w)/(4/12)?
2
Let c(y) = -y**2 + 11*y + 1. Let x be c(11). Suppose 14 = -3*z - x, 0 = 4*v + 4*z - 208. List the prime factors of v.
3, 19
Let a(b) = -2*b - 16. Let l be a(-10). Suppose 150 = l*c - c. What are the prime factors of c?
2, 5
Let g(m) = -185*m**3 - 4*m - 4. What are the prime factors of g(-1)?
5, 37
Suppose -3*t = 6, -5*t + t - 14 = l. Let f(a) = -a**2 - 8*a + 3. List the prime factors of f(l).
3, 5
Suppose j - 284 = -2*j + 2*m, 0 = -3*j - m + 290. Let s be ((-1)/(-1))/(2/j). Suppose -s + 4 = -4*z. List the prime factors of z.
11
Let o = 3409 + -2042. List the prime factors of o.
1367
Let i(m) = 8*m - 10. Let s be i(-2). List the prime factors of 111 - ((-350)/(-91) + (-4)/s).
107
Let l(c) = -6*c + 34. Let k be l(4). Suppose 6*m - 305 = 3*m + p, 0 = -5*p - k. What are the prime factors of m?
101
Suppose 3*x - 195 = 3*w, -3*x - 2*w = -w - 207. Suppose -7*p - x = -3*p. Let f = p + 62. What are the prime factors of f?
3, 5
Let v(b) = -b**2 + 2*b + 9. Let o be v(-2). List the prime factors of (16/(-6))/((-21)/18 + o).
2
Let t be 38/4 + 2/(-4). Suppose -2 = -2*o - 14. What are the prime factors of 28 - (-2)/o*t?
5
Let a = 11 + -8. Suppose 0*z - 24 = -a*z. Let p = 5 + z. List the prime factors of p.
13
Let l(b) = -75*b - 109. What are the prime factors of l(-11)?
2, 179
Let v(q) = 6*q + 14. Let f be v(-5). Let n(l) = l**2 + 9*l - 33. List the prime factors of n(f).
79
Suppose 18*x - 14640 = 6*x. What are the prime factors of x?
2, 5, 61
Let m(s) = 6*s - 34. Let l(d) = -d. Let o(a) = -5*l(a) - m(a). Let p be o(0). Suppose 6*q + p = 7*q. What are the prime factors of q?
2, 17
What are the prime factors of 25/((-175)/(-14511))*2/2?
3, 691
Suppose 0 = -5*a + 10, y - 3*a = 7. Let b = 110 - 118. List the prime factors of -4 + (0 - b) + y.
17
Suppose -3*l = 2*l. Suppose 29*s - 24*s - 760 = l. List the prime factors of s.
2, 19
Let k(r) be the second derivative of r**4/6 - r**3/6 - 2*r**2 - 8*r. List the prime factors of k(-6).
2, 37
Suppose -3*l + 8185 = 22*r - 17*r, 0 = -r - 5*l + 1637. List the prime factors of r.
1637
Let k(f) be the first derivative of -f**3/6 + 15*f**2 - f - 2. Let c(s) be the first derivative of k(s). What are the prime factors of c(0)?
2, 3, 5
What are the prime factors of 7075/10 + (0 - (-2)/(-4))?
7, 101
Let v(n) = -n**3 - 7*n**2 + 5*n - 10. Let d = 26 - 34. List the prime factors of v(d).
2, 7
Let o = -182 + 1141. List the prime factors of o.
7, 137
Let z(k) = 23*k**3 - 2*k**3 + k**2 - k + 0*k**3 + 9*k**3. Let p be z(1). Suppose 5*u + p = 2*r, -r + u = -0*r - 18. List the prime factors of r.
2, 5
Suppose 2401 = 2*q + 775. Suppose 3*b - q = -234. List the prime factors of b.
193
Suppose 5*j = 5*i - 5, j + i = -j - 2. Let k(x) = -16*x**3 - x**2 - 3*x - 2. What are the prime factors of k(j)?
2
Let m be -2*((-15)/6 + 0). Let y(i) = -2 - 1 + 2 + 2*i + m + i**2. What are the prime factors of y(3)?
19
Let r be 1/(2/7)*26. Let w = 378 - 434. Let d = r + w. List the prime factors of d.
5, 7
Suppose 0 = -12*f + 11*f - 462. What are the prime factors of (4/(-3))/(28/f)?
2, 11
Suppose 52*b - 11041 = 88227. List the prime factors of b.
23, 83
Let f = 6175 - 3647. List the prime factors of f.
2, 79
Let u(p) be the first derivative of -p**2 - p - 7. List the prime factors of u(-6).
11
Let h be 2249*2 + 0 + 1 + -3. What are the prime factors of 4/22*-1 - h/(-44)?
2, 3, 17
Let w = 29 - 28. What are the prime factors of 7/(((-1)/w)/(-1))?
7
Let l = 17 - 12. Suppose 4*u - 6 = 3*o - u, -l*u = -5*o. Suppose 8 + 7 = o*x. List the prime factors of x.
5
Let p = -77 + 74. List the prime factors of p/81*-6 - (-1348)/9.
2, 3, 5
Let f be (-790)/(-16) - 9/24. Suppose -w - f = -2*w. List the prime factors of w.
7
Suppose 9*n = -0*n - 18. What are the prime factors of n + 2 + 1 + 233?
2, 3, 13
What are the prime factors of (-1 - 640)/((-9)/18)?
2, 641
Suppose -x + 1 = 0, 3*p - 2*x = 2*p. List the prime factors of ((-26)/5)/(p/(-20)).
2, 13
Let d = -7 - -4. Let m be (d - -5)/(0 + 1). Suppose -p + 97 = 3*j + 3*p, 5*j + m*p - 143 = 0. List the prime factors of j.
3
Suppose 5 = 2*h + 4*p + 1, p - 4 = 0. Let m be h/((-4)/(-2) + -3). Let i(n) = n**3 - 7*n**2 + 7*n + 2. List the prime factors of i(m).
2
Let h be ((-2)/(-3))/(3/54). Suppose -3*r = -0*r + h. Let o = r + 10. List the prime factors of o.
2, 3
Let k be 3 + (-1)/(-2)*6. Suppose k*n - 10 - 20 = 0. Suppose -2*j + j = -o + 58, 142 = 3*o + n*j. List the prime factors of o.
2, 3
Let b(d) = 6*d**2 - d - 2. Let i be b(2). Let t = -17 + i. List the prime factors of 1452/30 + t/5.
7
Let c be (4 + (-18)/4)*0. Suppose -5*b = 3*s - 759, -b - 4*s + 99 + 46 = c. What are the prime factors of b?
3, 17
List the prime factors of ((-1)/((-10)/(-104)))/(26/(-9620)).
2, 13, 37
Let c(x) = -x**3 + 7*x**2 - 6*x - 2. Let m be c(5). Let u(t) = -4*t + 20. Let h be u(2). Let y = h + m. List the prime factors of y.
2, 3, 5
Let l(y) = y**2 + 4*y + 8. Let q be l(-6). Let f = 28 - q. What are the prime factors of (f - 4) + 7*5?
3, 13
Let o(p) = -p**3 + p + 4. Let h be o(0). Suppose -3*k + 233 = -h*s, 0 = 2*k - 3*s - 204 + 47. List the prime factors of k.
71
Let o(w) = 228*w**2 + 104*w - 322. What are the prime factors of o(3)?
2, 1021
Let f = 1731 - 1086. What are the prime factors of f?
3, 5, 43
Suppose 4*z - 30 = -10, -4*c = -2*z - 1354. Suppose 7*m + 499 = 10*m + 2*j, -c = -2*m - 3*j. What are the prime factors of m?
163
Let u(y) = 6*y**3 + 6*y**2 + y - 3. Let a be u(-6). Let m be a/15 + 14/(-35). Let o = m + 117. What are the prime factors of o?
2, 11
Suppose -5*x = -25, 25 = -2*t - 0*x + 5*x. Suppose -4*r + 0*r + 300 = t. Suppose 2*g + g = r. List the prime factors of g.
5
Suppose 4*h + 220 = 5*b + 639, -25 = -5*b. Suppose y + h = 4*y. List the prime factors of y.
37
Let v be 42/4 - 1/2. Suppose -b + v = 4*b. Suppose -5*r = -4*r - 2, -5*r + 68 = b*u. What are the prime factors of u?
29
Suppose -27 + 102 = 5*w. Let b be 187/3 - (-10)/w. Suppose -4*z + 7*z - b = 0. List the prime factors of z.
3, 7
Let k be (3/3)/(1/(-22)). Let v = 21